{"id":517,"date":"2022-08-04T09:46:18","date_gmt":"2022-08-04T12:46:18","guid":{"rendered":"https:\/\/destinationsjc.com.br\/novo\/?page_id=517"},"modified":"2026-04-09T09:54:44","modified_gmt":"2026-04-09T12:54:44","slug":"apoio-para-eventos","status":"publish","type":"page","link":"https:\/\/destinationsjc.com.br\/novo\/apoio-para-eventos\/","title":{"rendered":"Apoio para Eventos"},"content":{"rendered":"\n<h3 class=\"wp-block-heading\">SOLICITE VIA E-MAIL<\/h3>\n\n\n\n<p>O Destination S\u00e3o Jos\u00e9 dos Campos atua na capta\u00e7\u00e3o, assessoria e apoio a eventos , capacita\u00e7\u00e3o dos profissionais do bem receber e promo\u00e7\u00e3o do destino.&nbsp;<\/p>\n\n\n\n<p>Conta com um leque de associados da cadeia produtiva de turismo, eventos e viagens, que podem atender as necessidades do seu evento, al\u00e9m de um relacionamento pr\u00f3ximo aos representantes do setor no poder p\u00fablico, iniciativa privada e mercado associativo.<\/p>\n\n\n\n<p>Contato: <a href=\"mailto:even.destinationsjc@gmail.com\">even.destinationsjc@gmail.com<\/a>\u00a0ou telefone\u00a0<a href=\"https:\/\/wa.me\/5512988737090\">(12) 98873-7090<\/a>.<\/p>\n","protected":false},"excerpt":{"rendered":"<p>SOLICITE VIA E-MAIL<\/p>\n<p>O Destination S\u00e3o Jos\u00e9 dos Campos atua na capta\u00e7\u00e3o, assessoria e apoio a eventos , capacita\u00e7\u00e3o dos profissionais &#8230;<\/p>\n","protected":false},"author":1,"featured_media":0,"parent":0,"menu_order":0,"comment_status":"closed","ping_status":"closed","template":"","meta":{"_acf_changed":false,"footnotes":""},"class_list":["post-517","page","type-page","status-publish","hentry"],"acf":[],"yoast_head":"<!-- This site is optimized with the Yoast SEO plugin v27.0 - https:\/\/yoast.com\/product\/yoast-seo-wordpress\/ -->\n<title>Apoio para Eventos - Destination SJC<\/title>\n<meta name=\"description\" content=\"SOLICITE VIA E-MAIL O Destination S\u00e3o Jos\u00e9 dos Campos atua na capta\u00e7\u00e3o, assessoria e apoio a eventos , capacita\u00e7\u00e3o dos profissionais do bem receber e\" \/>\n<meta name=\"robots\" content=\"index, follow, max-snippet:-1, max-image-preview:large, max-video-preview:-1\" \/>\n<link rel=\"canonical\" href=\"https:\/\/destinationsjc.com.br\/novo\/apoio-para-eventos\/\" \/>\n<meta property=\"og:locale\" content=\"pt_BR\" \/>\n<meta property=\"og:type\" content=\"article\" \/>\n<meta property=\"og:title\" content=\"Apoio para Eventos - Destination SJC\" \/>\n<meta property=\"og:description\" content=\"SOLICITE VIA E-MAIL O Destination S\u00e3o Jos\u00e9 dos Campos atua na capta\u00e7\u00e3o, assessoria e apoio a eventos , capacita\u00e7\u00e3o dos profissionais do bem receber e\" \/>\n<meta property=\"og:url\" content=\"https:\/\/destinationsjc.com.br\/novo\/apoio-para-eventos\/\" \/>\n<meta property=\"og:site_name\" content=\"Destination SJC\" \/>\n<meta property=\"article:publisher\" content=\"https:\/\/www.facebook.com\/destinationsjc\" \/>\n<meta property=\"article:modified_time\" content=\"2026-04-09T12:54:44+00:00\" \/>\n<meta property=\"og:image\" content=\"https:\/\/destinationsjc.com.br\/novo\/wp-content\/uploads\/2021\/12\/logoteste.png\" \/>\n\t<meta property=\"og:image:width\" content=\"532\" \/>\n\t<meta property=\"og:image:height\" content=\"463\" \/>\n\t<meta property=\"og:image:type\" content=\"image\/png\" \/>\n<meta name=\"twitter:card\" content=\"summary_large_image\" \/>\n<script type=\"application\/ld+json\" class=\"yoast-schema-graph\">{\"@context\":\"https:\/\/schema.org\",\"@graph\":[{\"@type\":\"WebPage\",\"@id\":\"https:\/\/destinationsjc.com.br\/novo\/apoio-para-eventos\/\",\"url\":\"https:\/\/destinationsjc.com.br\/novo\/apoio-para-eventos\/\",\"name\":\"Apoio para Eventos - Destination SJC\",\"isPartOf\":{\"@id\":\"https:\/\/destinationsjc.com.br\/novo\/#website\"},\"datePublished\":\"2022-08-04T12:46:18+00:00\",\"dateModified\":\"2026-04-09T12:54:44+00:00\",\"description\":\"SOLICITE VIA E-MAIL O Destination S\u00e3o Jos\u00e9 dos Campos atua na capta\u00e7\u00e3o, assessoria e apoio a eventos , capacita\u00e7\u00e3o dos profissionais do bem receber e\",\"inLanguage\":\"pt-BR\",\"potentialAction\":[{\"@type\":\"ReadAction\",\"target\":[\"https:\/\/destinationsjc.com.br\/novo\/apoio-para-eventos\/\"]}]},{\"@type\":\"WebSite\",\"@id\":\"https:\/\/destinationsjc.com.br\/novo\/#website\",\"url\":\"https:\/\/destinationsjc.com.br\/novo\/\",\"name\":\"Destination SJC\",\"description\":\"Site institucional da entidade Destination S\u00e3o Jos\u00e9 dos Campos\",\"publisher\":{\"@id\":\"https:\/\/destinationsjc.com.br\/novo\/#organization\"},\"alternateName\":\"Destination S\u00e3o Jos\u00e9 dos Campos\",\"potentialAction\":[{\"@type\":\"SearchAction\",\"target\":{\"@type\":\"EntryPoint\",\"urlTemplate\":\"https:\/\/destinationsjc.com.br\/novo\/?s={search_term_string}\"},\"query-input\":{\"@type\":\"PropertyValueSpecification\",\"valueRequired\":true,\"valueName\":\"search_term_string\"}}],\"inLanguage\":\"pt-BR\"},{\"@type\":\"Organization\",\"@id\":\"https:\/\/destinationsjc.com.br\/novo\/#organization\",\"name\":\"Destination SJC\",\"alternateName\":\"Destination S\u00e3o Jos\u00e9 dos Campos\",\"url\":\"https:\/\/destinationsjc.com.br\/novo\/\",\"logo\":{\"@type\":\"ImageObject\",\"inLanguage\":\"pt-BR\",\"@id\":\"https:\/\/destinationsjc.com.br\/novo\/#\/schema\/logo\/image\/\",\"url\":\"https:\/\/destinationsjc.com.br\/novo\/wp-content\/uploads\/2021\/12\/logoteste.png\",\"contentUrl\":\"https:\/\/destinationsjc.com.br\/novo\/wp-content\/uploads\/2021\/12\/logoteste.png\",\"width\":532,\"height\":463,\"caption\":\"Destination SJC\"},\"image\":{\"@id\":\"https:\/\/destinationsjc.com.br\/novo\/#\/schema\/logo\/image\/\"},\"sameAs\":[\"https:\/\/www.facebook.com\/destinationsjc\",\"https:\/\/www.instagram.com\/destinationsjc\/\"]}]}<\/script>\n<!-- \/ Yoast SEO plugin. -->","yoast_head_json":{"title":"Apoio para Eventos - Destination SJC","description":"SOLICITE VIA E-MAIL O Destination S\u00e3o Jos\u00e9 dos Campos atua na capta\u00e7\u00e3o, assessoria e apoio a eventos , capacita\u00e7\u00e3o dos profissionais do bem receber e","robots":{"index":"index","follow":"follow","max-snippet":"max-snippet:-1","max-image-preview":"max-image-preview:large","max-video-preview":"max-video-preview:-1"},"canonical":"https:\/\/destinationsjc.com.br\/novo\/apoio-para-eventos\/","og_locale":"pt_BR","og_type":"article","og_title":"Apoio para Eventos - Destination SJC","og_description":"SOLICITE VIA E-MAIL O Destination S\u00e3o Jos\u00e9 dos Campos atua na capta\u00e7\u00e3o, assessoria e apoio a eventos , capacita\u00e7\u00e3o dos profissionais do bem receber e","og_url":"https:\/\/destinationsjc.com.br\/novo\/apoio-para-eventos\/","og_site_name":"Destination SJC","article_publisher":"https:\/\/www.facebook.com\/destinationsjc","article_modified_time":"2026-04-09T12:54:44+00:00","og_image":[{"width":532,"height":463,"url":"https:\/\/destinationsjc.com.br\/novo\/wp-content\/uploads\/2021\/12\/logoteste.png","type":"image\/png"}],"twitter_card":"summary_large_image","schema":{"@context":"https:\/\/schema.org","@graph":[{"@type":"WebPage","@id":"https:\/\/destinationsjc.com.br\/novo\/apoio-para-eventos\/","url":"https:\/\/destinationsjc.com.br\/novo\/apoio-para-eventos\/","name":"Apoio para Eventos - Destination SJC","isPartOf":{"@id":"https:\/\/destinationsjc.com.br\/novo\/#website"},"datePublished":"2022-08-04T12:46:18+00:00","dateModified":"2026-04-09T12:54:44+00:00","description":"SOLICITE VIA E-MAIL O Destination S\u00e3o Jos\u00e9 dos Campos atua na capta\u00e7\u00e3o, assessoria e apoio a eventos , capacita\u00e7\u00e3o dos profissionais do bem receber e","inLanguage":"pt-BR","potentialAction":[{"@type":"ReadAction","target":["https:\/\/destinationsjc.com.br\/novo\/apoio-para-eventos\/"]}]},{"@type":"WebSite","@id":"https:\/\/destinationsjc.com.br\/novo\/#website","url":"https:\/\/destinationsjc.com.br\/novo\/","name":"Destination SJC","description":"Site institucional da entidade Destination S\u00e3o Jos\u00e9 dos Campos","publisher":{"@id":"https:\/\/destinationsjc.com.br\/novo\/#organization"},"alternateName":"Destination S\u00e3o Jos\u00e9 dos Campos","potentialAction":[{"@type":"SearchAction","target":{"@type":"EntryPoint","urlTemplate":"https:\/\/destinationsjc.com.br\/novo\/?s={search_term_string}"},"query-input":{"@type":"PropertyValueSpecification","valueRequired":true,"valueName":"search_term_string"}}],"inLanguage":"pt-BR"},{"@type":"Organization","@id":"https:\/\/destinationsjc.com.br\/novo\/#organization","name":"Destination SJC","alternateName":"Destination S\u00e3o Jos\u00e9 dos Campos","url":"https:\/\/destinationsjc.com.br\/novo\/","logo":{"@type":"ImageObject","inLanguage":"pt-BR","@id":"https:\/\/destinationsjc.com.br\/novo\/#\/schema\/logo\/image\/","url":"https:\/\/destinationsjc.com.br\/novo\/wp-content\/uploads\/2021\/12\/logoteste.png","contentUrl":"https:\/\/destinationsjc.com.br\/novo\/wp-content\/uploads\/2021\/12\/logoteste.png","width":532,"height":463,"caption":"Destination SJC"},"image":{"@id":"https:\/\/destinationsjc.com.br\/novo\/#\/schema\/logo\/image\/"},"sameAs":["https:\/\/www.facebook.com\/destinationsjc","https:\/\/www.instagram.com\/destinationsjc\/"]}]}},"_links":{"self":[{"href":"https:\/\/destinationsjc.com.br\/novo\/wp-json\/wp\/v2\/pages\/517","targetHints":{"allow":["GET"]}}],"collection":[{"href":"https:\/\/destinationsjc.com.br\/novo\/wp-json\/wp\/v2\/pages"}],"about":[{"href":"https:\/\/destinationsjc.com.br\/novo\/wp-json\/wp\/v2\/types\/page"}],"author":[{"embeddable":true,"href":"https:\/\/destinationsjc.com.br\/novo\/wp-json\/wp\/v2\/users\/1"}],"replies":[{"embeddable":true,"href":"https:\/\/destinationsjc.com.br\/novo\/wp-json\/wp\/v2\/comments?post=517"}],"version-history":[{"count":5,"href":"https:\/\/destinationsjc.com.br\/novo\/wp-json\/wp\/v2\/pages\/517\/revisions"}],"predecessor-version":[{"id":1633,"href":"https:\/\/destinationsjc.com.br\/novo\/wp-json\/wp\/v2\/pages\/517\/revisions\/1633"}],"wp:attachment":[{"href":"https:\/\/destinationsjc.com.br\/novo\/wp-json\/wp\/v2\/media?parent=517"}],"curies":[{"name":"wp","href":"https:\/\/api.w.org\/{rel}","templated":true}]}}